 -1) + -3?
-4
What is -12 + -1 + 1 + 8?
-4
Calculate (0 - (2 + 0 - -1)) + -2.
-5
1 - (1 - 1) - (7 - 3)
-3
What is the value of 2 - 3 - 5 - (5 + -9)?
-2
Calculate 0 - 8 - (-15 - -10).
-3
What is -7 + 3 + (7 - -3)?
6
What is (6 - -11 - 12) + -12?
-7
What is -3 - ((-1 - 7) + -2 + -1)?
8
What is -5 + -1 + (11 - -15) + -19?
1
What is the value of -12 + (-2 - (5 - 17))?
-2
What is the value of (4 - (5 - 1)) + 3?
3
What is 2 + -1 - (-6 - -10)?
-3
Calculate 12 + 0 + (-2 + 2 - 5).
7
(-6 - -2) + 8 - 0
4
(-8 - (-14 + 8 + 1)) + 8
5
What is -1 + (-2 - -7 - (4 + -1))?
1
Evaluate 5 - (-11 - 2 - -15).
3
(-1 - -7) + (38 - 33)
11
-35 + 31 - (2 - (3 + 1))
-2
Calculate -3 - 0 - 3 - -6 - 10.
-10
Calculate 1 + 4 + -3 + 3.
5
(-1 - 0 - 5) + (-1123 - -1130)
1
Evaluate 5 + (-12 - -1 - -7).
1
4 - (5 - 9) - 15
-7
What is the value of 3 - (0 + -3) - 6?
0
Calculate -5 + -1 - -3 - (4 - 7).
0
Evaluate 7 + (2 - 5 - -2).
6
What is the value of -7 - (7 + 0 + -12)?
-2
Evaluate -2 + (1 - -5) + -1.
3
What is the value of 0 + 0 - 2 - -7?
5
What is the value of (31 - 37) + (1 - -10)?
5
-3 - (1 - -3 - 3)
-4
What is the value of (-14 - -14) + -10 + 2?
-8
What is (-143 - -132) + 0 + 9?
-2
What is the value of 1 + 8 + (-26 - -10)?
-7
(6 - 1) + -5 + -5
-5
Calculate (-13 - (-7 - -2)) + 1 + 17.
10
What is 9 + (-10 - 2) + -1 + 0?
-4
Calculate 8 + (10 - 16) + -5.
-3
Calculate 1 - (-4 + -4) - 14.
-5
1 + 6 + 0 + -6
1
Calculate 0 - (-1 - (-14 + 8)).
-5
What is the value of (2 - 0 - (9 + -8)) + -3?
-2
What is -33 + 38 - (3 + -2 + 1)?
3
Evaluate 5 + -5 + (-4 - -1).
-3
(9 - 12) + (-1 - 2) + 3
-3
Evaluate 1 + (0 - -2) + 5 + -5.
3
4 - 2 - (5 - 0)
-3
What is the value of 4 - (0 - (-6 - 0 - 1))?
-3
(11 - 6) + -6 + -9 + 2
-8
Evaluate (0 + 7 - 0) + -13.
-6
What is 10 + -3 + -13 + 4 + -1?
-3
-3 - -1 - (-3 + -4)
5
(0 - (-6 - 3)) + -8
1
3 - (2 - (2 - 2))
1
What is 4 + (1 - -5) + -8 - 1?
1
What is 5 + -5 + 4 + -1 + -7?
-4
-2 + -3 + 7 + (3 - 1)
4
2 + (-2 - 0 - -2)
2
What is the value of (-1 - (0 - -5 - -3)) + 1?
-8
-13 - (7 - -5 - 24)
-1
What is the value of -1 - (0 + -5 - (-8 - -1))?
-3
What is (-4 + 1 - -1) + (6 - 0)?
4
What is -1 + 2 + -5 + 4 + 2?
2
Calculate (-11 + 5 - -6) + -4 + 0.
-4
0 - -1 - 4 - -1
-2
What is -3 - (0 - 5) - 0?
2
What is the value of 1 + (11 - 1) + -13?
-2
Calculate -3 - (-13 - (0 + -7) - 0).
3
Evaluate -14 + 4 - (12 - 20).
-2
2 + -4 + 4 + (0 - -2)
4
4 + (-5 + 4 - -7) + -6
4
Calculate -2 - -2 - (-6 - -6).
0
Calculate 195 + -194 - (0 + 1 - 2).
2
What is (-2 - -4) + 2 + 1?
5
1 + 5 + -10 + 4 + -6
-6
What is the value of (0 + 4 - 6) + 1 - 3?
-4
Evaluate 1 - 2 - (-4 + 4 + -3).
2
1 - (2 + -3 + 4)
-2
Evaluate -2 + 4 + 2 + -4 + -5.
-5
What is the value of -3 - 6 - -2 - (-16 - 1)?
10
Calculate 7 - ((5 - 3) + 2).
3
(0 + 0 - 5) + (-4 - -6)
-3
Evaluate -1 + -1 - (-117 - -108).
7
(5 - 6) + (-6 - (-4 - 0))
-3
(-6 - -3) + -1 + -12 + 8
-8
What is 7 + -4 + -1 + 0?
2
What is the value of 1 + 2 + -2 + -4?
-3
Evaluate 21 - 15 - (-2 + 0 + 5).
3
2 + (2 - (-1 - -3)) + -1
1
(-2 - -2) + 0 + -4
-4
8 - (1 + -1 + 1 - -2)
5
Calculate (-5 + 5 - (-2 - 2)) + -7.
-3
Evaluate 0 + (-1 - -2) + -304 + 297.
-6
-2 + (3 - (-2 - (-3 + 1)))
1
(4 - 4) + -2 + 3
1
Calculate 0 + -5 + 4 + 3.
2
What is (3 - 1 - (-3 + 3)) + -7?
-5
What is -15 - 0 - (109 + -120)?
-4
Evaluate (5 - -2 - 2) + 5 - 5.
5
Evaluate -6 + (4 + -1 - 1) + 6.
2
What is -8 + 0 + 2 + (6 - 1)?
-1
What is 7 + 3 - (38 - 31)?
3
Evaluate 0 + 6 + -2 + (-12 - -14).
6
What is the value of -4 + 3 + 3 + -1?
1
What is the value of (1 - (5 - 13)) + -8?
1
What is (-2 - (-9 + 11)) + -6?
-10
What is (-11 + 38 - 13) + -11?
3
Evaluate 3 + -5 + 7 + -2.
3
What is -1 - -1 - (8 + -10)?
2
What is (0 - -12 - 5) + 0?
7
What is the value of 8 + -3 - 4 - (11 + -5)?
-5
Calculate -2 + -1 + 0 + 3 + 3.
3
3 + 3 + 2 - 3
5
9 - (3 - (-5 - (-9 - -1)))
9
(3 - 10) + 5 - -8
6
What is the value of 0 + 28 + -31 + (2 - -3)?
2
Calculate -1 - 0 - (9 + -2 + -4).
-4
Calculate 8 + 12 + -11 + -7.
2
Calculate -1 - (-5 + 3 + 3 - -4).
-6
What is the value of -8 + (-6 - (-7 + -4 + 6))?
-9
Evaluate (1 - 3 - -1) + (-3 - -8).
4
0 + -2 + -8 + (6 - -6)
2
Calculate 5 - (6 + (-1 - 3)) - 0.
3
What is 4 + 5 + -11 - -5?
3
Calculate 4 + (-3 - 0) - 1.
0
Evaluate 143 - 143 - (-1 - -10).
-9
What is (2 - -4) + -68 + 67?
5
Evaluate -3 - (-9 - -5) - -3.
4
Calculate -4 + (6 - -6) - (-12 - -10).
10
Evaluate -5 - -9 - (0 - (3 - 2)).
5
-9 - -3 - (-7 + 0)
1
What is the value of -1 + (1 - 0) - (-2 - 1)?
3
What is -1 + 8 + -13 - -11?
5
2 + -5 - (1 + -1)
-3
What is the value of -2 + 8 + 1 + -7?
0
Calculate -7 + (1 - -8) + 3.
5
Evaluate 4 + (9 - 15) + 6 + 0.
4
What is the value of -3 + -5 - -10 - 7?
-5
Evaluate -4 - (-8 + 5 + -3).
2
What is the value of 4 + -1 + (-3 - 0)?
0
What is -10 + (-10 - (-11 - 3))?
-6
What is the value of -7 + (3 - -2) - -2?
0
Evaluate (-11 - -6) + 12 + -5.
2
What is 1 + (-4 + -4 - -2) + 3?
-2
Evaluate -6 - (0 + -3 + -9 + 5).
1
Evaluate -2 + 1 - (-3 - (0 - 5)).
-3
What is (4 - 0) + 13 + -5 + -7?
5
What is 1 + -3 + 4 - -2?
4
What is the value of 2 + -3 + (-3 + -3 - -3)?
-4
What is the value of 3 + (1 - 2) + -3 + 2?
1
Evaluate 1 - 4 - (-13 + -10 + 18).
2
-9 - (12 + -13 + 5 - 11)
-2
What is the value of 2 + (3 - (2 - 0 - 2))?
5
Calculate 0 + -5 + (-144 - -145).
-4
What is 4 + -1 + (-10 - -2)?
-5
8 + -6 - ((-2 - -3) + 0)
1
Calculate 4 + 1 + -11 + 5.
-1
Calculate (-1 - -8) + (0 - -6 - 8).
5
Evaluate -4 + 1 + (-16 - (4 + -19)).
-4
What is the value of (-6 - 0 - -1) + 9 + -2?
2
What is (-4 - (-8 + -3) - 3) + -4?
0
0 - -4 - (13 + -6)
-3
Calculate (-1 - (5 + -7)) + -5 + 0.
-4
89 - 97 - (-12 - 1)
5
What is -6 + 0 - (-7 - 1)?
2
What is the value of (13 - 7 - 9) + -1?
-4
What is -1 - -3 - (-9 - (-12 - -1))?
0
1 + -2 - (17 + 2 + -24)
4
-12 + 13 + -19 + 5 - -6
-7
Calculate (-4 - 0) + (-4 - -6 - 3).
-5
Calculate (18 - 9) + -4 + (-1 - 0).
4
(0 - (4 - 5)) + (-2 - 1)
-2
Evaluate (-2 - (0 + -1)) + -8 + 3.
-6
-6 - (-8 - -11 - (-1 + 13))
3
What is the value of -2 - 1 - 0 - (1 - 5)?
1
Evaluate 0 - 0 - (5 + -8).
3
What is -10 - -5 - (-4 + 0)?
-1
-12 + 1 - -16 - -2
7
-13 + 18 - (1 + -2 - -3)
3
Evaluate 0 - (0 + -1) - (37 - 33).
-3
Calculate 3 - (2 + 2 + 3 + -1).
-3
Calculate -116 - -116 - (3 - -1 - 0).
-4
Calculate 6 + (1 - 1 - (-32 - -32)).
6
What is -6 + 1 + 10 - 5 - -1?
1
-5 + (-4 - -10) + (1 - 3)
-1
What is the value of (4 - (0 + 3)) + -2 + 1?
0
Evaluate -3 + 3 + (-5 - -2).
-3
Evaluate 2 - (0 - 4) - (12 + -10).
4
Calculate (1 - -1) + 0 + 2.
4
16 + -17 + 2 + 2
3
(-11 + (3 - -3) - -11) + 0
6
What is the value of -10 + -2 + 9 - (-1 + -1)?
-1
Evaluate -4 + ((5 - 2) + -1 - -2).
0
What is the value of -6 - (-22 - (-3 - 5) - -5)?
3
What is the value of 1 + (-2 - -5) - (-5 + 5)?
4
Evaluate (-5 + 7 - (-3 + 2)) + 0.
3
(4 - 4) + 2 + (6 - 5)
3
Calculate (-1 - 3) + 11 - 4.
3
Evaluate -4 + (-2 + 1 - (-13 - -9)).
-1
-10 + -1 + -59 + 64
-6
What is (3 - (1 + -4)) + -4?
2
What is 7 + -7 - 3 - 1?
-4
Evaluate (-2 + 6 + -9 - -13) + -8.
0
What is the value of 6 + (-6 - -5) - 4?
1
(1 - 6 - -7) + -3 + 7
6
What is (2 + 1 - 3) + (3 - 2)?
1
What is 1 + (1 - 3) - -3?
2
Evaluate -2 + 1 + 3 + -22 + 15.
-5
(0 - (3 - (0 + -3))) + -4
-10
Calculate 173 + -177 - ((1 - 5) + 1).
-1
Calculate (0 - -10) + (-9 - -4) + 4.
9
Calculate -1 - ((0 - 1 - -4) + -5).
1
What is -15 - (12 + -8 + -14)?
-5
What is the value of (-4 - -2) + (0 - (-15 - -4))?
9
-3 - 1 - (1 - 9 - -5)
-1
Evaluate 12 - (11 + (-5 - (1 + -1))).
6
Evaluate (-11 - (-30 - -8)) + -9.
2
What is -6 - -1 - -9 - (1 - -1)?
2
-9 + -6 + (5 - -11)
1
What is the value of -6 - (-4 - (1 - (4 + -6)))?
1
Evaluate (7 - 1) + (18 - 11) + -10.
3
What is 4 + -1 + 3 - 2?
4
What is 10 - (11 + 1 + -7)?
5
Calculate 3 + (-8 + 5 - -5).
5
Calculate 8 + (-1 - (10 - 4)) + 4.
5
Evaluate -3 + 3 + -2 + (-17 - -13).
-6
What is the value of -8 + (2 - 3) + 4?
-5
Calculate 0 + -4 + 3 + 0 + -2.
-3
What is 9 + -6 + (-6 - -6)?
3
(25 - 16) + (0 - 2)
7
(-1 - -12) + (134 - 135)
10
Evaluate 2 + (0 - -4 - 10 - -4).
0
What is the value of -30 + 14 + 11 - (-1 + -1)?
-3
Evaluate -40 + 46 + (1 - 7).
0
What is the value of 7 + (-4 - (7 - 4))?
0
Evaluate -6 - (-7 + (6 - 4)).
-1
Calculate -8 - (-6 + 7 - 4).
-5
8 + -3 + 0 + (2 - 4)
3
Evaluate 5 - (-20 - -7) - 10.
8
What is the value of (-7 + 2 - -2) + 5?
2
Evaluate 3 + 2 + -2 + -1.
2
What is the value of -186 +